+ 2*l**2 - 6*l + 5. What is m(1)?
21
Let n(r) = -r + 1. Calculate n(-5).
6
Let m(n) = -2*n - 97. Determine m(0).
-97
Let j(r) = -r**2 + 40*r - 84. Determine j(38).
-8
Let o(c) = -2*c**3 - 6*c**2 + 2*c - 20. Give o(-4).
4
Let x(k) = k**3 + 6*k**2 + 2*k - 17. Give x(-6).
-29
Let m(s) = -s**3 - s**2 + 2*s + 2. Determine m(3).
-28
Let z(c) = -c**3 + 7*c**2 - 7*c + 1. Determine z(5).
16
Let p(w) = -w**3 - 7*w**2 + 26*w - 8. Calculate p(-10).
32
Let i(a) = -a**2 - 5. Calculate i(-4).
-21
Let d(l) = -l**3 - 14*l**2 + l + 28. What is d(-14)?
14
Let s(b) = -6*b**3 - 2*b**2 + 2*b + 1. Calculate s(-2).
37
Let g(a) = -13*a + 59. Determine g(5).
-6
Let p(q) = q**2 - 18*q - 27. Calculate p(22).
61
Let y(q) = -3*q - 11. Calculate y(-6).
7
Let z(n) = n**2 - 6*n - 61. What is z(11)?
-6
Let u(x) = -6*x + 3. What is u(-9)?
57
Let o(x) = -3*x - 35. Give o(-14).
7
Let z(y) = 5*y - 26. Calculate z(6).
4
Let x(k) = 12*k + 2. Give x(1).
14
Let x(w) = w**2 + 2*w + 11. What is x(0)?
11
Let m(v) = 5*v - 56. Determine m(-21).
-161
Let u(w) = 28*w + 14. What is u(0)?
14
Let x(r) = r + 22. Calculate x(-10).
12
Let b(i) = -3*i**2 + 28*i - 21. Calculate b(11).
-76
Let g(a) = a - 28. What is g(-9)?
-37
Let x(y) = -y**2 + 11*y + 315. Determine x(-13).
3
Let q(w) = 6*w**2 + 3*w + 3. Determine q(-3).
48
Let w(x) = 3*x + 2. Give w(-4).
-10
Let q(c) = 56*c**3 - c. What is q(1)?
55
Let a(f) = 4*f**2 - 1. Calculate a(-2).
15
Let h(t) = t**2 + 17*t - 46. Give h(4).
38
Let c(r) = -r**3 + 11*r**2 - 5*r - 5. Determine c(10).
45
Let q(t) = 21*t - 164. Determine q(8).
4
Let l(s) = s**3 + 5*s**2 + 3*s. Calculate l(-3).
9
Let u(t) = -t**2 + 23*t + 53. Determine u(25).
3
Let f(x) = -6*x - 72. Give f(-10).
-12
Let w(a) = -a**2 + 21*a + 231. Calculate w(29).
-1
Let o(u) = -11*u + 49. Give o(6).
-17
Let v(a) = -9*a - 5. Give v(2).
-23
Let b(z) = 17*z**2. Give b(1).
17
Let o(z) = -z**3 + 7*z**2 - 7*z + 6. Give o(6).
0
Let c(s) = 6*s + 4. What is c(-3)?
-14
Let s(u) = -4*u + 6. Give s(4).
-10
Let a(s) = -s**2 + 6*s - 12. Calculate a(5).
-7
Let h(n) = 2*n**2 + 7*n + 8. Give h(-2).
2
Let d(a) = -4*a + 10. Give d(-6).
34
Let p(c) = 16*c + 10. Determine p(-1).
-6
Let x(p) = -2*p**2 - p + 2. What is x(4)?
-34
Let k(h) = h**3 - 11*h**2 + 11*h - 9. What is k(7)?
-128
Let s(l) = -l**3 - 16*l**2 - 35*l - 275. What is s(-15)?
25
Let n(t) = 2*t - 2. Calculate n(-5).
-12
Let g(i) = -i**3 + 18*i**2 + 19*i - 2. Calculate g(19).
-2
Let v(y) = -7*y - 58. Calculate v(-7).
-9
Let o(m) = m**2 + m - 1. Calculate o(2).
5
Let d(f) = -2*f**2 - 23*f + 1. Give d(-12).
-11
Let b(c) = c**3 + 10*c**2 - 11*c - 11. Give b(-11).
-11
Let h(b) = 6*b + 98. What is h(-16)?
2
Let v(n) = -68*n + 609. Calculate v(9).
-3
Let z(s) = -2*s**3 - 8*s**2 - 2*s + 8. Calculate z(-4).
16
Let a(u) = u - 4. Calculate a(11).
7
Let h(m) = -9*m + 111. Determine h(13).
-6
Let m(l) = -2*l**2 + 4*l + 6. What is m(5)?
-24
Let v(c) = -19*c**3 + 1. Determine v(-1).
20
Let l(i) = i + 26. Determine l(-15).
11
Let a(u) = -u**3 + 23*u**2 + u - 15. Calculate a(23).
8
Let j(l) = l**3 + 5*l**2 - 4*l - 5. What is j(-6)?
-17
Let k(x) = 3*x**3 + 36*x**2 - x - 3. Give k(-12).
9
Let m(d) = d + 10. Calculate m(-5).
5
Let s(a) = -a - 6. Determine s(-7).
1
Let p(a) = a**3 - a**2 + 1. Calculate p(1).
1
Let y(u) = u**2 - 2*u - 26. What is y(6)?
-2
Let c(q) = -14*q**2 + 1. Calculate c(-1).
-13
Let y(g) = 2*g**3 + 2*g**2 + 3*g + 2. Give y(-3).
-43
Let x(h) = h**2 + 16*h + 58. What is x(-7)?
-5
Let j(n) = -3*n**2 + 22*n - 36. Calculate j(4).
4
Let o(s) = -s**3 - 2*s**2 - s + 60. Determine o(0).
60
Let v(o) = o**3 - 7*o**2 + 21*o - 59. Determine v(4).
-23
Let p(t) = t**3 - 2*t**2 - 9. Calculate p(3).
0
Let n(c) = -c**2 + 8*c - 19. Calculate n(6).
-7
Let i(t) = -t**3 + 21*t**2 - 18*t - 45. Give i(20).
-5
Let t(g) = 5*g**3 - g**2 + g. Give t(1).
5
Let k(i) = -i**3 + 3*i**2 + 2*i + 7. Determine k(3).
13
Let c(u) = 2*u**3 - 6*u**2 - 4*u + 4. Give c(4).
20
Let g(u) = u**3 - 23*u**2 + 22*u - 15. Calculate g(22).
-15
Let b(x) = 2*x - 22. Give b(7).
-8
Let z(u) = -62*u**3 + u**2 + u - 2. Calculate z(1).
-62
Let z(x) = -2*x**2 - 10*x + 3. Calculate z(-6).
-9
Let p(q) = -2*q + 57. Calculate p(0).
57
Let w(t) = 13*t - 65. Determine w(5).
0
Let j(y) = -47*y**3 + y**2. Determine j(-1).
48
Let r(j) = -j**2 + 2*j - 3. Calculate r(3).
-6
Let y(t) = 52*t - 320. Calculate y(6).
-8
Let q(t) = -2*t**3 + 8*t**2 + t + 10. What is q(4)?
14
Let v(c) = -2*c**3 - 48*c**2 - c - 23. Give v(-24).
1
Let g(r) = r**3 + 21*r**2 + 38*r + 8. Determine g(-19).
8
Let w(d) = -d**2 + 8*d - 11. What is w(10)?
-31
Let h(c) = -6*c + 38. Calculate h(6).
2
Let n(z) = -z**2 - 18*z + 4. Give n(-12).
76
Let v(g) = 9*g**2 + 5*g + 7. Calculate v(-1).
11
Let l(i) = 9*i + 97. Calculate l(-12).
-11
Let b(r) = -13*r - 75. Determine b(-5).
-10
Let t(k) = -k**2 - k + 26. Calculate t(6).
-16
Let n(z) = -15*z**2 - 434*z + 38. What is n(-29)?
9
Let c(y) = y**2 - 5*y. Calculate c(4).
-4
Let a(n) = -2*n + 8. What is a(18)?
-28
Let c(t) = -11*t**2 - t + 2. What is c(-3)?
-94
Let c(i) = -31*i - 327. Give c(-11).
14
Let q(i) = i**3 + 11*i**2 - 27*i - 19. What is q(-13)?
-6
Let r(j) = 2*j**2 - 12*j - 9. Calculate r(7).
5
Let z(b) = 16*b - 4. Determine z(-3).
-52
Let l(p) = 3*p - 6. Give l(-3).
-15
Let w(j) = j**2 + 42*j - 128. Give w(-45).
7
Let o(v) = v**2 - 4*v - 17. Give o(-4).
15
Let d(p) = -p**2 + 35*p + 160. Give d(39).
4
Let c(m) = 13*m + 136. What is c(-10)?
6
Let x(n) = -4*n**2 - 5*n + 1. Determine x(-3).
-20
Let v(f) = -f + 9. What is v(-8)?
17
Let u(c) = -4*c - 12. Calculate u(-1).
-8
Let s(j) = -6*j - 91. Determine s(-22).
41
Let k(o) = 5*o**3 - o**2 + 9*o - 9. Give k(1).
4
Let t(r) = -r**2 - 13*r + 16. Calculate t(-9).
52
Let v(y) = y**3 + 6*y**2 - 4*y - 3. Calculate v(-6).
21
Let n(m) = -5*m + 2. Give n(3).
-13
Let s(u) = -4*u**2 - 27*u + 2. What is s(-6)?
20
Let w(b) = -17*b**3 + 3*b**2 - 2*b + 1. Determine w(1).
-15
Let s(i) = 15*i - 2. Calculate s(-2).
-32
Let s(m) = -2*m**2 - 2*m - 5. Give s(4).
-45
Let s(i) = -9*i - 39. Give s(5).
-84
Let j(r) = -r**3 + 9*r**2 + 6*r + 43. Give j(10).
3
Let y(c) = -c**2 - c - 4. Give y(-1).
-4
Let k(y) = y**3 - 5*y**2 + 4*y + 13. What is k(6)?
73
Let g(h) = 24*h + 3. What is g(3)?
75
Let x(b) = b**2 + 4*b - 13. Determine x(3).
8
Let s(y) = y + 15. Determine s(-8).
7
Let g(v) = -4*v + 5. Determine g(-1).
9
Let u(h) = 3*h + 64. Give u(-25).
-11
Let l(k) = 2*k**3 - 3*k**2 - 12*k + 2. Determine l(4).
34
Let j(w) = -w**2 - 5*w - 9. Give j(-8).
-33
Let c(l) = l**3 - 5*l**2 + 4*l - 4. What is c(5)?
16
Let d(f) = 2*f - 19. What is d(1)?
-17
Let i(l) = l**3 - 8*l**2 + 2*l + 30. What is i(7)?
-5
Let t(o) = 14*o - 309. Give t(22).
-1
Let b(a) = -a + 2. Calculate b(22).
-20
Let j(y) = y**3 - 26*y**2 + 48*y + 3. What is j(24)?
3
Let g(t) = t**3 + 3*t**2 + 2*t - 3. Calculate g(-4).
-27
Let n(d) = -4*d + 23. Give n(14).
-33
Let g(v) = -v**2 - 19*v - 12. Calculate g(-18).
6
Let b(d) = d**3 - 12*d**2 + 18*d - 82. What is b(11)?
-5
Let u(r) = -r**2 - 15*r - 53. What is u(-7)?
3
Let q(z) = 3*z**2 - 9*z - 26. What is q(5)?
4
Let t(p) = -2*p - 30. Calculate t(-10).
-10
Let d(a) = 4*a - 176. Calculate d(47).
12
Let l(b) = -4*b - 1. Give l(3).
-13
Let q(i) = 3*i**2 + 2*i - 2. Determine q(-2).
6
Let p(c) = -c**3 + 7*c**2 + c - 3. Give p(7).
4
Let r(t) = 12*t**2 - 1. Give r(1).
11
Let n(y) = -5*y + 15. Calculate n(12).
-45
Let b(j) = j - 1. What is b(12)?
11
Let v(m) = 12*m**2 - 9*m. Give v(1).
3
Let h(l) = -3*l + 12. What is h(5)?
-3
Let u(m) = 31*m + 9. Determine u(-1).
-22
Let l(q) = q**3 + 6*q**2 - 2*q - 9. Calculate l(-7).
-44
Let s(p) = -23*p - 24. Give s(0).
-24
Let t(a) = -8*a + 3. Determine t(5).
-37
Let l(d) = 5*d + 18. Give l(-4).
-2
Let i(k) = k - 5. What is i(6)?
1
Let i(n) = -n**3 + 5*n**2 + 6*n + 4. Determine i(7).
-52
Let h(g) = 3*g + 6. Give h(-3).
-3
Let m(l) = -l**3 - 14*l**2 - 15*l + 5. Determine m(-13).
31
Let r(h) = -7*h**2 - 56*h - 5. Give r(-8).
-5
Let x(b) = -b**3 - 15*b**2 - 40*b - 13. What is x(-12)?
35
Let k(q) = 6*q**2 - 186*q + 5. Calculate k(31).
5
Let d(z) = -z**3 + z**2 + 21*z - 2. Calculate d(5).
3
Let s(i) = -i - 27. What is s(0)?
-27
Let r(h) = 2*h**2 + 8*h + 4. Give r(-3).
-2
Let x(p) = -p**3 + p**2 - p - 23. Give x(0).
-23
Let l(t) = -10*t**2 - 7*t + 8. Determine l(3).